ighest common divisor of 343 and 5664841?
49
Calculate the greatest common divisor of 5731 and 1089143.
11
Calculate the highest common divisor of 2822223 and 116832.
3651
What is the greatest common factor of 2420 and 6162046?
242
What is the greatest common factor of 13719 and 1644391351?
4573
What is the greatest common divisor of 2249900 and 10268?
604
Calculate the highest common factor of 17639556 and 264.
132
What is the highest common divisor of 76802316 and 444?
12
Calculate the greatest common factor of 6304379 and 2.
1
Calculate the greatest common divisor of 612470 and 135853.
73
What is the highest common divisor of 219 and 52737609?
219
Calculate the greatest common factor of 282240 and 109536.
672
Calculate the greatest common divisor of 247461501 and 34335.
2289
Calculate the greatest common factor of 29328 and 48689979.
1833
Calculate the highest common factor of 165508 and 2303748.
1028
Calculate the greatest common divisor of 6974675 and 1139.
17
Calculate the highest common factor of 57316 and 1079036.
2492
Calculate the greatest common divisor of 7832 and 22370.
2
What is the greatest common divisor of 144 and 172696824?
72
What is the greatest common factor of 4320 and 36774000?
2160
What is the highest common factor of 107696676 and 12?
12
What is the highest common factor of 263730 and 6?
6
Calculate the highest common divisor of 55611 and 243718297.
6179
Calculate the highest common divisor of 13 and 10119083.
13
What is the highest common divisor of 54018 and 130302?
18
What is the highest common factor of 3221346 and 102?
6
Calculate the greatest common divisor of 11424 and 412998.
102
Calculate the highest common divisor of 12870 and 560492790.
4290
What is the greatest common factor of 2387 and 1641332?
77
Calculate the highest common factor of 85 and 1052622320.
85
Calculate the greatest common divisor of 3053 and 335546.
71
What is the greatest common divisor of 209251 and 1296421?
1169
What is the highest common factor of 413 and 14343?
7
What is the greatest common divisor of 30861621 and 5481?
189
What is the highest common factor of 26 and 417893944?
26
What is the highest common factor of 130774152 and 24?
24
Calculate the highest common divisor of 91977429 and 1734.
867
What is the highest common factor of 34215540 and 240?
60
Calculate the highest common factor of 111237 and 56553.
21
What is the highest common factor of 6454 and 59715174?
922
Calculate the highest common factor of 15 and 41215065.
15
Calculate the highest common divisor of 67123 and 14231637.
1561
Calculate the greatest common factor of 86032 and 412528.
304
What is the greatest common factor of 12021832 and 34889?
139
Calculate the greatest common factor of 36628034 and 632.
158
Calculate the highest common factor of 1202 and 37587742.
1202
Calculate the greatest common factor of 3799 and 629848.
131
What is the greatest common divisor of 6 and 2149847?
1
Calculate the greatest common divisor of 1619 and 362762854.
1619
What is the highest common factor of 3784 and 11262152?
88
What is the highest common factor of 75328 and 154?
22
What is the highest common divisor of 133 and 433749841?
133
What is the greatest common divisor of 2502313 and 44363?
1199
Calculate the greatest common factor of 9537784 and 500.
4
What is the highest common divisor of 57 and 13111311?
57
Calculate the highest common factor of 15518356 and 172.
172
What is the highest common divisor of 14609 and 9982?
7
Calculate the greatest common factor of 12267 and 5443822.
1363
What is the highest common factor of 1298 and 269016?
22
Calculate the greatest common divisor of 28 and 4714367.
7
Calculate the highest common factor of 19271 and 252.
7
Calculate the greatest common factor of 913 and 2817103.
83
Calculate the highest common factor of 4738 and 1792068.
46
Calculate the greatest common factor of 2995434 and 1768.
442
Calculate the highest common divisor of 14 and 9570134.
14
Calculate the greatest common factor of 4 and 1424492.
4
Calculate the greatest common factor of 901287328 and 11584.
5792
What is the highest common divisor of 15546908 and 493663?
6953
Calculate the greatest common factor of 56151549 and 4308.
1077
Calculate the highest common divisor of 326202 and 29994.
6
Calculate the greatest common factor of 10626887 and 51.
17
What is the highest common divisor of 3612 and 12260031?
903
What is the highest common factor of 10128 and 48298322?
422
What is the greatest common divisor of 2109 and 177783?
57
Calculate the highest common divisor of 3377607 and 11094.
129
Calculate the greatest common divisor of 243913922 and 553.
553
Calculate the greatest common factor of 345960561 and 282.
141
Calculate the greatest common divisor of 126391642 and 52.
26
What is the greatest common divisor of 6999885 and 420?
15
Calculate the highest common factor of 223585190 and 5.
5
What is the greatest common divisor of 311955 and 210?
105
What is the greatest common factor of 2753995 and 370205?
635
What is the greatest common factor of 724992 and 3702?
6
What is the highest common factor of 24745 and 1279670?
3535
Calculate the greatest common factor of 242 and 19359274.
242
Calculate the greatest common factor of 9982049 and 10472.
77
What is the greatest common divisor of 1178742 and 852?
426
Calculate the greatest common divisor of 23732 and 2966849.
349
What is the highest common factor of 2504859 and 46789?
659
What is the highest common divisor of 32 and 21633056?
32
Calculate the highest common factor of 42 and 98372514.
6
What is the greatest common factor of 933 and 300483?
3
What is the greatest common divisor of 252211658 and 2018?
2018
Calculate the highest common factor of 380380 and 3612609.
1001
Calculate the greatest common divisor of 59321990 and 501410.
17290
Calculate the greatest common divisor of 8650850 and 200.
50
What is the highest common divisor of 14158008 and 53406?
774
What is the greatest common factor of 280230 and 435?
15
Calculate the greatest common factor of 345683 and 3341.
13
What is the highest common factor of 162 and 1689954?
6
Calculate the highest common factor of 726415582 and 346.
346
What is the greatest common divisor of 9392 and 3816674?
1174
Calculate the greatest common divisor of 2755 and 1087465.
95
What is the greatest common divisor of 676021632 and 16?
16
What is the highest common factor of 48326 and 55188?
146
Calculate the greatest common factor of 10241 and 7214471.
209
What is the greatest common divisor of 1695989890 and 467?
467
Calculate the highest common divisor of 108112 and 20648.
232
Calculate the highest common divisor of 98066497 and 908.
227
Calculate the greatest common factor of 53358 and 44358.
6
Calculate the greatest common divisor of 143892 and 684.
36
Calculate the highest common factor of 1937293992 and 72.
72
What is the greatest common factor of 1171 and 1325371759?
1171
What is the greatest common divisor of 254840 and 16817224?
2216
What is the greatest common factor of 2334274 and 26468?
1018
Calculate the greatest common divisor of 6 and 342411753.
3
What is the highest common divisor of 67659 and 10773212?
1187
What is the greatest common factor of 1386 and 2116818?
198
What is the greatest common factor of 18 and 924352470?
18
Calculate the highest common divisor of 959866 and 5080.
254
What is the highest common factor of 84728189 and 43?
43
What is the highest common factor of 92183 and 33137?
13
What is the highest common divisor of 35542375 and 220?
55
Calculate the greatest common factor of 2 and 1669567.
1
What is the highest common divisor of 76 and 45457234?
38
Calculate the greatest common factor of 2170 and 2240455.
35
Calculate the greatest common factor of 17458706 and 18334.
206
Calculate the greatest common factor of 798 and 16020762.
114
What is the greatest common divisor of 374 and 15340171?
187
Calculate the highest common factor of 215264 and 241211.
961
What is the highest common factor of 1715852 and 7524?
76
Calculate the highest common factor of 61102 and 347880.
446
Calculate the greatest common factor of 3366 and 1528912.
374
What is the greatest common factor of 183576 and 89?
1
What is the highest common divisor of 120 and 4801560?
120
Calculate th